-11*h. Determine z(-5).
55
Let t(k) = k**3 - 13*k**2 - 4*k + 42. Give t(13).
-10
Let x(h) = h**2 - 8*h + 7. Determine x(6).
-5
Let u(f) = f**2 + 3*f - 8. Calculate u(3).
10
Let b(a) = a**2 - 9*a - 6. Calculate b(5).
-26
Let l(i) = 10*i + 20. Give l(-6).
-40
Let r(b) = 6*b**2 - 2*b - 3. What is r(-2)?
25
Let w(l) = -l**2 - 8*l - 15. What is w(-6)?
-3
Let j(i) = -3*i - 13. What is j(10)?
-43
Let w(s) = s**3 - 6*s**2 + 4*s + 6. Calculate w(5).
1
Let x(u) = -u**3 - 10*u**2 - 15*u + 14. What is x(-8)?
6
Let o(f) = -2*f**3 + 3*f**2 - 3. Determine o(2).
-7
Let y(r) = -3*r - 133. Calculate y(-43).
-4
Let b(s) = -7*s + 17. What is b(13)?
-74
Let j(m) = m**3 - 9*m**2 + 4*m + 13. Calculate j(8).
-19
Let o(q) = -2*q**2 + 2*q - 2. Calculate o(-1).
-6
Let j(q) = 10*q + 10. Calculate j(-3).
-20
Let l(r) = r**3 - 21*r**2 - 163*r + 30. Give l(27).
3
Let k(x) = -19*x + 17. What is k(1)?
-2
Let g(x) = 23*x + 110. Calculate g(-4).
18
Let x(h) = -h**2 - 48*h + 776. Determine x(-61).
-17
Let o(z) = -z**2 + 7*z + 10. Calculate o(6).
16
Let r(c) = 19*c + 28. Determine r(0).
28
Let c(i) = 13*i + 37. Determine c(-3).
-2
Let z(o) = -o**3 - 9*o**2 + 22*o. What is z(-11)?
0
Let h(b) = -b**2 + 26*b + 5. Calculate h(26).
5
Let x(b) = 4*b + 83. Give x(-22).
-5
Let j(m) = 5*m + 185. Determine j(-35).
10
Let x(y) = -3*y**3 - 2*y**2 + 1. Calculate x(-2).
17
Let s(c) = -c + 4. Determine s(11).
-7
Let r(b) = b**2 + 5*b - 7. What is r(-6)?
-1
Let o(p) = -4*p**2 - 23*p + 9. Give o(-6).
3
Let s(y) = y - 18. Calculate s(15).
-3
Let i(n) = -n**2 - n + 1. Determine i(0).
1
Let o(l) = 2*l**3 + 9*l**2 + 6*l + 10. Give o(-4).
2
Let p(j) = -5*j**2 - 17*j + 12. Determine p(-5).
-28
Let l(t) = 12*t + 56. Determine l(-17).
-148
Let j(i) = i**2 - 34*i - 69. Calculate j(-2).
3
Let s(g) = -g**2 - 8. What is s(0)?
-8
Let q(l) = l**2 + l + 5. Determine q(4).
25
Let m(l) = -16*l - 401. Calculate m(-25).
-1
Let j(b) = b - 5. Give j(3).
-2
Let z(c) = c**3 - 7*c**2 - 9*c - 86. Give z(9).
-5
Let d(a) = a**3 - 4*a**2 - 42*a + 61. What is d(8)?
-19
Let p(f) = -f**2 - 10*f - 10. Determine p(-10).
-10
Let r(z) = -2*z**2 - 4*z + 13. Determine r(2).
-3
Let h(c) = -c**2 - 17*c + 68. Determine h(-20).
8
Let b(t) = -t + 3. What is b(-8)?
11
Let y(g) = g + 15. Give y(-10).
5
Let d(s) = -2*s + 2. What is d(-5)?
12
Let t(j) = j + 14. What is t(-11)?
3
Let n(f) = f**2 + 2*f - 5. Calculate n(-6).
19
Let t(y) = -y**3 + 8*y**2 + 11*y - 10. Determine t(9).
8
Let i(y) = -y**3 - 10*y**2 - 10*y - 11. Determine i(-9).
-2
Let z(q) = q**2 + 20*q + 40. Give z(-17).
-11
Let a(v) = 5*v + 1. Calculate a(2).
11
Let z(s) = -s**3 - 13*s**2 - 19*s + 19. Determine z(-11).
-14
Let x(k) = -k**3 + 9*k**2 + 8. Determine x(9).
8
Let k(i) = i**2 + 11*i + 23. What is k(-7)?
-5
Let f(o) = -2*o + 5. Give f(2).
1
Let d(i) = -i**3 + 11*i**2 - 19*i + 89. Calculate d(10).
-1
Let l(k) = k**2 - 7*k + 8. Calculate l(4).
-4
Let i(n) = 2*n**2 - 2*n - 16. What is i(5)?
24
Let v(z) = z**2 - 3*z - 13. What is v(6)?
5
Let o(n) = 10*n**2 + 180*n - 19. What is o(-18)?
-19
Let x(v) = v**2 + 5*v - 31. Determine x(-9).
5
Let m(j) = j**2 - 56*j + 490. What is m(11)?
-5
Let f(d) = -4*d**3 + 4*d**2 + 4*d + 2. Calculate f(-2).
42
Let k(j) = 10*j**2 - j. Give k(2).
38
Let w(u) = -8*u**2 + 2*u - 1. What is w(1)?
-7
Let r(n) = 3*n**2 + 6*n - 4. Give r(-3).
5
Let t(x) = -26*x - 276. What is t(-11)?
10
Let l(f) = -f**3 + 16*f**2 + 1. Calculate l(16).
1
Let i(p) = -p**3 - 7*p**2 - 12*p - 10. Determine i(-4).
-10
Let t(b) = -10*b - 6. Give t(-3).
24
Let f(o) = o**2 - 17*o - 91. Calculate f(21).
-7
Let y(x) = 3*x - 17. Calculate y(-14).
-59
Let o(u) = u**3 + 38*u**2 + 38*u + 41. Determine o(-37).
4
Let s(a) = -35*a + 451. Calculate s(13).
-4
Let z(s) = s**2 - 7*s + 14. Give z(6).
8
Let g(y) = -y**3 + 22*y**2 + 25*y - 40. Give g(23).
6
Let m(l) = -16*l**3 + l**2 + l - 2. Give m(1).
-16
Let a(u) = 2*u + 49. Give a(-5).
39
Let y(c) = 3*c + 19. Determine y(-5).
4
Let t(h) = -8*h - 9. Determine t(-9).
63
Let p(d) = 12*d**2 - 4*d + 3. Determine p(1).
11
Let d(j) = j**3 - 2*j**2 - 13*j - 3. Give d(5).
7
Let p(o) = 33*o + 68. Calculate p(-2).
2
Let g(h) = 3*h - 11. Calculate g(9).
16
Let o(k) = 6*k + 3. What is o(-1)?
-3
Let i(o) = -o**2 + 9*o - 16. Calculate i(6).
2
Let d(a) = -4*a - 82. What is d(-19)?
-6
Let h(u) = 2*u + 3. Determine h(-7).
-11
Let z(w) = w**3 - 9*w**2 + 7*w + 4. What is z(8)?
-4
Let l(k) = -51*k + 257. What is l(5)?
2
Let f(s) = -s**3 - 14*s**2 + 16*s + 5. Determine f(-15).
-10
Let u(t) = t**3 - 12*t**2 - 9*t + 8. What is u(13)?
60
Let m(n) = 23*n + 41. Calculate m(-2).
-5
Let r(g) = -g**3 + 7*g**2 + 12*g - 6. What is r(8)?
26
Let d(f) = f**2 + 3*f + 86. What is d(0)?
86
Let p(d) = d**3 + 13*d**2 - 13*d + 18. Calculate p(-14).
4
Let l(u) = -u**3 - 4*u**2 + 4*u - 11. Give l(-5).
-6
Let h(w) = 5*w**2 + w + 4. Give h(3).
52
Let h(c) = c**2 + 6*c - 12. Calculate h(-8).
4
Let x(s) = s**3 - 5*s**2 - 7*s + 4. Calculate x(5).
-31
Let x(h) = h**2 - 28*h + 59. What is x(26)?
7
Let j(r) = r**3 - 5*r**2 + 5*r - 1. Determine j(2).
-3
Let y(m) = m**3 - 7*m**2 + 3*m + 8. Give y(6).
-10
Let n(i) = -21*i. What is n(1)?
-21
Let g(p) = -p**2 + p - 2. Give g(5).
-22
Let r(i) = -5*i + 3. Give r(-2).
13
Let k(r) = 53*r**3 - 2*r - 1. What is k(-1)?
-52
Let r(y) = y - 10. Determine r(19).
9
Let w(o) = 3*o + 36. Calculate w(-8).
12
Let y(w) = -2*w**2 + 3*w + 4. What is y(7)?
-73
Let r(s) = s**3 - 16*s**2 - 11*s - 33. What is r(17)?
69
Let b(h) = h**3 + 3*h**2 + 3*h + 2. What is b(-3)?
-7
Let j(f) = f**2 - f - 51. What is j(0)?
-51
Let a(w) = -7*w + 1. Calculate a(-2).
15
Let x(i) = -i**3 - i**2 + i + 21. Determine x(0).
21
Let a(t) = -t**2 + 39*t - 110. Give a(36).
-2
Let j(k) = k**2 + 4*k - 5. Give j(-6).
7
Let f(u) = 2*u**3 + 12*u**2 + 8*u + 30. Calculate f(-6).
-18
Let y(k) = -k**3 + 26*k**2 + k - 23. Determine y(26).
3
Let l(j) = j**2 - 15*j + 76. Determine l(10).
26
Let q(d) = 2*d**2 - 2*d - 3. Give q(-3).
21
Let p(i) = -2*i**2 - 29*i + 16. Calculate p(-14).
30
Let v(w) = w**3 - 9*w**2 - 12*w + 21. What is v(10)?
1
Let h(z) = 26*z + 11. Calculate h(1).
37
Let t(d) = 2*d**3 + 2*d**2 + 2*d - 2. Calculate t(-3).
-44
Let z(n) = 2*n**2 + 3*n + 4. Give z(-2).
6
Let p(d) = -2*d + 2. What is p(-2)?
6
Let z(y) = y**3 - 13*y**2 - 11*y - 43. Determine z(14).
-1
Let k(h) = 11*h**2 + 16*h - 14. What is k(1)?
13
Let t(c) = -c**3 - 6*c**2 + 14*c + 4. Give t(-7).
-45
Let t(w) = 3*w**2 + 2. Calculate t(-3).
29
Let m(n) = -n**2 - 14*n - 14. Determine m(-13).
-1
Let o(h) = -2*h**2 - 2*h + 101. What is o(-8)?
-11
Let t(v) = 2*v**2 + 47*v + 34. Determine t(-23).
11
Let r(z) = z**2 - 5*z + 7. Give r(3).
1
Let d(p) = -p**3 + 3*p**2 + 2*p + 4. Determine d(4).
-4
Let u(c) = -7*c + 41. Determine u(5).
6
Let y(q) = q - 7. Determine y(17).
10
Let l(s) = 4*s**3 - 2*s**2 + 9*s - 11. Calculate l(0).
-11
Let q(o) = o**3 - 13*o**2 + 10*o + 16. Determine q(12).
-8
Let g(q) = q**3 + 16*q**2 - 52*q - 594. Determine g(-17).
1
Let o(f) = f**2 - 12*f + 3. Give o(12).
3
Let k(a) = 4*a**3 - a**2 + 4. What is k(-2)?
-32
Let v(r) = 12*r + 139. Calculate v(-11).
7
Let j(x) = -x**3 + 4*x**2 - 3*x + 2. Determine j(3).
2
Let k(c) = c**3 + 7*c**2 + 5*c - 12. Calculate k(-6).
-6
Let o(r) = 4*r + 23. Give o(5).
43
Let w(p) = -p**3 + p + 39. Give w(0).
39
Let x(i) = -14*i**2 + 55*i - 6. What is x(4)?
-10
Let o(w) = 6*w + 1. Calculate o(1).
7
Let g(o) = -3*o**2 - 1. Calculate g(1).
-4
Let l(q) = -2*q + 10. Determine l(11).
-12
Let s(f) = -f + 29. Give s(8).
21
Let w(k) = -4*k**2 - 10*k - 6. What is w(-6)?
-90
Let z(y) = y**3 - y**2 - y. Give z(3).
15
Let v(m) = -m**3 - 6*m**2 + 6*m. Give v(-6).
-36
Let b(g) = -4*g**2 - 41*g + 5. Give b(-10).
15
Let n(u) = u**3 - 2*u**2 + 4*u - 2. Calculate n(4).
46
Let b(z) = -z - 4. What is b(-2)?
-2
Let d(h) = -9*h**3 + h - 2. What is d(1)?
-10
Let r(q) = q**3 - 10*q**2 + 2*q - 8. Give r(10).
12
Let g(u) = -u**2 + 6*u + 37. Give g(10).
-3
Let u(i) = -6*i**3 + 16*i**2 + 17*i + 1. What is u(-1)?
6
Let s(v) = -7*v**2 - 6*v + 3. What is s(1)?
-10
Let h(i) = i**2 + 3*i - 2. Calculate h(-4).
2
Let l(r) = -84*r + 4. Calculate l(-2).
172
Let m(w) = -3*w**2 - 75*w - 10. What is m(-25)?
-10
Let g(m) = m**3 - 3*m**2 - 11*m + 23. Determine g(5).
18
Let k(n) = -n**2 - 11*n - 2. Calculate k(-10).
8
Let 